{"id":541,"date":"2022-03-04T16:04:32","date_gmt":"2022-03-04T15:04:32","guid":{"rendered":"https:\/\/locbtob.com\/?page_id=541"},"modified":"2022-03-04T16:14:54","modified_gmt":"2022-03-04T15:14:54","slug":"location-de-materiel","status":"publish","type":"page","link":"https:\/\/locbtob.com\/index.php\/location-de-materiel\/","title":{"rendered":"Location de mat\u00e9riel"},"content":{"rendered":"<nav class=\"has-background has-luminous-vivid-orange-background-color items-justified-space-between is-vertical wp-block-navigation is-content-justification-space-between is-layout-flex wp-container-core-navigation-is-layout-4e947585 wp-block-navigation-is-layout-flex\" aria-label=\"Menu 2\"><ul class=\"wp-block-navigation__container has-background has-luminous-vivid-orange-background-color items-justified-space-between is-vertical wp-block-navigation\"><li class=\" wp-block-navigation-item wp-block-navigation-link\"><a class=\"wp-block-navigation-item__content\"  href=\"https:\/\/locbtob.com\/index.php\/tsc-pace-detection-de-fissures\/\"><span class=\"wp-block-navigation-item__label\">TSC PACE \u2013 D\u00e9tection de fissures<\/span><\/a><\/li><li class=\" wp-block-navigation-item wp-block-navigation-link\"><a class=\"wp-block-navigation-item__content\"  href=\"https:\/\/locbtob.com\/index.php\/elcometer-detection-des-piqures-et-porosites\/\"><span class=\"wp-block-navigation-item__label\">Elcometer 280 \u2013 D\u00e9tection des piq\u00fbres et porosit\u00e9s<\/span><\/a><\/li><li class=\" wp-block-navigation-item wp-block-navigation-link\"><a class=\"wp-block-navigation-item__content\"  href=\"https:\/\/locbtob.com\/index.php\/273-2\/\"><span class=\"wp-block-navigation-item__label\">EKOSMART \u2013 D\u00e9tection par ultrason<\/span><\/a><\/li><li class=\" wp-block-navigation-item wp-block-navigation-link\"><a class=\"wp-block-navigation-item__content\"  href=\"https:\/\/locbtob.com\/index.php\/faro-s70-scanner-laser\/\"><span class=\"wp-block-navigation-item__label\">Faro S70 \u2013 Scanner Laser<\/span><\/a><\/li><li class=\" wp-block-navigation-item wp-block-navigation-link\"><a class=\"wp-block-navigation-item__content\"  href=\"https:\/\/locbtob.com\/index.php\/silverwing-handscan-detection-de-corrosion\/\"><span class=\"wp-block-navigation-item__label\">SILVERWING HANDSCAN \u2013 D\u00e9tection de corrosion<\/span><\/a><\/li><li class=\" wp-block-navigation-item wp-block-navigation-link\"><a class=\"wp-block-navigation-item__content\"  href=\"https:\/\/locbtob.com\/index.php\/altiscan-mesures-depaisseurs\/\"><span class=\"wp-block-navigation-item__label\">Altiscan \u2013 Mesures d\u2019\u00e9paisseurs<\/span><\/a><\/li><li class=\" wp-block-navigation-item wp-block-navigation-link\"><a class=\"wp-block-navigation-item__content\"  href=\"https:\/\/locbtob.com\/index.php\/usm-go-detecteur-de-defauts-ultrason\/\"><span class=\"wp-block-navigation-item__label\">USM GO+ \u2013 d\u00e9tecteur de d\u00e9fauts ultrason<\/span><\/a><\/li><\/ul><\/nav>","protected":false},"excerpt":{"rendered":"","protected":false},"author":2,"featured_media":0,"parent":0,"menu_order":0,"comment_status":"closed","ping_status":"closed","template":"","meta":{"footnotes":""},"class_list":["post-541","page","type-page","status-publish","hentry","entry"],"_links":{"self":[{"href":"https:\/\/locbtob.com\/index.php\/wp-json\/wp\/v2\/pages\/541","targetHints":{"allow":["GET"]}}],"collection":[{"href":"https:\/\/locbtob.com\/index.php\/wp-json\/wp\/v2\/pages"}],"about":[{"href":"https:\/\/locbtob.com\/index.php\/wp-json\/wp\/v2\/types\/page"}],"author":[{"embeddable":true,"href":"https:\/\/locbtob.com\/index.php\/wp-json\/wp\/v2\/users\/2"}],"replies":[{"embeddable":true,"href":"https:\/\/locbtob.com\/index.php\/wp-json\/wp\/v2\/comments?post=541"}],"version-history":[{"count":16,"href":"https:\/\/locbtob.com\/index.php\/wp-json\/wp\/v2\/pages\/541\/revisions"}],"predecessor-version":[{"id":572,"href":"https:\/\/locbtob.com\/index.php\/wp-json\/wp\/v2\/pages\/541\/revisions\/572"}],"wp:attachment":[{"href":"https:\/\/locbtob.com\/index.php\/wp-json\/wp\/v2\/media?parent=541"}],"curies":[{"name":"wp","href":"https:\/\/api.w.org\/{rel}","templated":true}]}}